{"id":1001,"date":"2026-07-29T11:00:00","date_gmt":"2026-07-29T14:00:00","guid":{"rendered":"https:\/\/gremiovencedor.com.br\/novo\/integrantes-2\/"},"modified":"2026-07-30T12:45:54","modified_gmt":"2026-07-30T15:45:54","slug":"integrantes-2","status":"publish","type":"page","link":"https:\/\/gremiovencedor.com.br\/novo\/integrantes-2\/","title":{"rendered":""},"content":{"rendered":"\n<h2 class=\"wp-block-heading has-secondary-color has-text-color has-link-color wp-elements-1\">Integrantes<\/h2>\n\n\n\n<div class=\"row\">\n                        <div style=\"margin-top: 30px\">\n                            \n            <div class=\"col-md-4 col-lg-12 col-sm-4 col-xs-4 alinhar-integrantes\" style=\"margin: 10px 0px\">\n                <p style=\"text-align: center;font-size: 19px\">Abrah\u00e3o Assein Arus Neto<\/p>\n            <\/div>\n            \n            <div class=\"col-md-4 col-lg-12 col-sm-4 col-xs-4 alinhar-integrantes\" style=\"margin: 10px 0px\">\n                <p style=\"text-align: center;font-size: 19px\">Alberto Martins Brentano<\/p>\n            <\/div>\n            \n            <div class=\"col-md-4 col-lg-12 col-sm-4 col-xs-4 alinhar-integrantes\" style=\"margin: 10px 0px\">\n                <p style=\"text-align: center;font-size: 19px\">Altair de Lemos J\u00fanior<\/p>\n            <\/div>\n            \n            <div class=\"col-md-4 col-lg-12 col-sm-4 col-xs-4 alinhar-integrantes\" style=\"margin: 10px 0px\">\n                <p style=\"text-align: center;font-size: 19px\">Anderson Oliveira Forte<\/p>\n            <\/div>\n            \n            <div class=\"col-md-4 col-lg-12 col-sm-4 col-xs-4 alinhar-integrantes\" style=\"margin: 10px 0px\">\n                <p style=\"text-align: center;font-size: 19px\">Anderson Zanella<\/p>\n            <\/div>\n            \n            <div class=\"col-md-4 col-lg-12 col-sm-4 col-xs-4 alinhar-integrantes\" style=\"margin: 10px 0px\">\n                <p style=\"text-align: center;font-size: 19px\">Anselma Maria Machry<\/p>\n            <\/div>\n            \n            <div class=\"col-md-4 col-lg-12 col-sm-4 col-xs-4 alinhar-integrantes\" style=\"margin: 10px 0px\">\n                <p style=\"text-align: center;font-size: 19px\">Ant\u00f4nio Escosteguy Castro<\/p>\n            <\/div>\n            \n            <div class=\"col-md-4 col-lg-12 col-sm-4 col-xs-4 alinhar-integrantes\" style=\"margin: 10px 0px\">\n                <p style=\"text-align: center;font-size: 19px\">Ant\u00f4nio Porf\u00edrio de Ara\u00fajo Costa<\/p>\n            <\/div>\n            \n            <div class=\"col-md-4 col-lg-12 col-sm-4 col-xs-4 alinhar-integrantes\" style=\"margin: 10px 0px\">\n                <p style=\"text-align: center;font-size: 19px\">Carlos Valdir Kochhann<\/p>\n            <\/div>\n            \n            <div class=\"col-md-4 col-lg-12 col-sm-4 col-xs-4 alinhar-integrantes\" style=\"margin: 10px 0px\">\n                <p style=\"text-align: center;font-size: 19px\">Celso Andr\u00e9 Pinheiro<\/p>\n            <\/div>\n            \n            <div class=\"col-md-4 col-lg-12 col-sm-4 col-xs-4 alinhar-integrantes\" style=\"margin: 10px 0px\">\n                <p style=\"text-align: center;font-size: 19px\">David Stival<\/p>\n            <\/div>\n            \n            <div class=\"col-md-4 col-lg-12 col-sm-4 col-xs-4 alinhar-integrantes\" style=\"margin: 10px 0px\">\n                <p style=\"text-align: center;font-size: 19px\">Diego Rov\u00e9a<\/p>\n            <\/div>\n            \n            <div class=\"col-md-4 col-lg-12 col-sm-4 col-xs-4 alinhar-integrantes\" style=\"margin: 10px 0px\">\n                <p style=\"text-align: center;font-size: 19px\">Eduardo Santos dos Santos<\/p>\n            <\/div>\n            \n            <div class=\"col-md-4 col-lg-12 col-sm-4 col-xs-4 alinhar-integrantes\" style=\"margin: 10px 0px\">\n                <p style=\"text-align: center;font-size: 19px\">Fabio Ferronato Matei<\/p>\n            <\/div>\n            \n            <div class=\"col-md-4 col-lg-12 col-sm-4 col-xs-4 alinhar-integrantes\" style=\"margin: 10px 0px\">\n                <p style=\"text-align: center;font-size: 19px\">Gilberto Haag Ferreira<\/p>\n            <\/div>\n            \n            <div class=\"col-md-4 col-lg-12 col-sm-4 col-xs-4 alinhar-integrantes\" style=\"margin: 10px 0px\">\n                <p style=\"text-align: center;font-size: 19px\">Guilherme Neumann<\/p>\n            <\/div>\n            \n            <div class=\"col-md-4 col-lg-12 col-sm-4 col-xs-4 alinhar-integrantes\" style=\"margin: 10px 0px\">\n                <p style=\"text-align: center;font-size: 19px\">Gustavo de Marsillac Pe\u00f1a<\/p>\n            <\/div>\n            \n            <div class=\"col-md-4 col-lg-12 col-sm-4 col-xs-4 alinhar-integrantes\" style=\"margin: 10px 0px\">\n                <p style=\"text-align: center;font-size: 19px\">Gustavo Rocha Fernandes Gon\u00e7alves<\/p>\n            <\/div>\n            \n            <div class=\"col-md-4 col-lg-12 col-sm-4 col-xs-4 alinhar-integrantes\" style=\"margin: 10px 0px\">\n                <p style=\"text-align: center;font-size: 19px\">Jeferson Coimbra<\/p>\n            <\/div>\n            \n            <div class=\"col-md-4 col-lg-12 col-sm-4 col-xs-4 alinhar-integrantes\" style=\"margin: 10px 0px\">\n                <p style=\"text-align: center;font-size: 19px\">Joel J\u00fanior Corr\u00eaa<\/p>\n            <\/div>\n            \n            <div class=\"col-md-4 col-lg-12 col-sm-4 col-xs-4 alinhar-integrantes\" style=\"margin: 10px 0px\">\n                <p style=\"text-align: center;font-size: 19px\">Jorge Luiz Ramos Brendel<\/p>\n            <\/div>\n            \n            <div class=\"col-md-4 col-lg-12 col-sm-4 col-xs-4 alinhar-integrantes\" style=\"margin: 10px 0px\">\n                <p style=\"text-align: center;font-size: 19px\">Jorge Santos Buchabqui<\/p>\n            <\/div>\n            \n            <div class=\"col-md-4 col-lg-12 col-sm-4 col-xs-4 alinhar-integrantes\" style=\"margin: 10px 0px\">\n                <p style=\"text-align: center;font-size: 19px\">Jos\u00e9 Leite Costa Neto<\/p>\n            <\/div>\n            \n            <div class=\"col-md-4 col-lg-12 col-sm-4 col-xs-4 alinhar-integrantes\" style=\"margin: 10px 0px\">\n                <p style=\"text-align: center;font-size: 19px\">Josu\u00e9 Vanius Hoewell<\/p>\n            <\/div>\n            \n            <div class=\"col-md-4 col-lg-12 col-sm-4 col-xs-4 alinhar-integrantes\" style=\"margin: 10px 0px\">\n                <p style=\"text-align: center;font-size: 19px\">Juarez Roque Busatto<\/p>\n            <\/div>\n            \n            <div class=\"col-md-4 col-lg-12 col-sm-4 col-xs-4 alinhar-integrantes\" style=\"margin: 10px 0px\">\n                <p style=\"text-align: center;font-size: 19px\">Lu\u00eds Fernando Dal Forno<\/p>\n            <\/div>\n            \n            <div class=\"col-md-4 col-lg-12 col-sm-4 col-xs-4 alinhar-integrantes\" style=\"margin: 10px 0px\">\n                <p style=\"text-align: center;font-size: 19px\">Luiz Henrique Oltramari<\/p>\n            <\/div>\n            \n            <div class=\"col-md-4 col-lg-12 col-sm-4 col-xs-4 alinhar-integrantes\" style=\"margin: 10px 0px\">\n                <p style=\"text-align: center;font-size: 19px\">Marcelo Oliveira Fagundes<\/p>\n            <\/div>\n            \n            <div class=\"col-md-4 col-lg-12 col-sm-4 col-xs-4 alinhar-integrantes\" style=\"margin: 10px 0px\">\n                <p style=\"text-align: center;font-size: 19px\">Marco Aur\u00e9lio Moreira<\/p>\n            <\/div>\n            \n            <div class=\"col-md-4 col-lg-12 col-sm-4 col-xs-4 alinhar-integrantes\" style=\"margin: 10px 0px\">\n                <p style=\"text-align: center;font-size: 19px\">Marcos Aur\u00e9lio Chitolina<\/p>\n            <\/div>\n            \n            <div class=\"col-md-4 col-lg-12 col-sm-4 col-xs-4 alinhar-integrantes\" style=\"margin: 10px 0px\">\n                <p style=\"text-align: center;font-size: 19px\">Maur\u00edcio Pedrassani<\/p>\n            <\/div>\n            \n            <div class=\"col-md-4 col-lg-12 col-sm-4 col-xs-4 alinhar-integrantes\" style=\"margin: 10px 0px\">\n                <p style=\"text-align: center;font-size: 19px\">M\u00e1rcio Mossmann<\/p>\n            <\/div>\n            \n            <div class=\"col-md-4 col-lg-12 col-sm-4 col-xs-4 alinhar-integrantes\" style=\"margin: 10px 0px\">\n                <p style=\"text-align: center;font-size: 19px\">M\u00e1rcio Scharnberg Brand\u00e3o<\/p>\n            <\/div>\n            \n            <div class=\"col-md-4 col-lg-12 col-sm-4 col-xs-4 alinhar-integrantes\" style=\"margin: 10px 0px\">\n                <p style=\"text-align: center;font-size: 19px\">M\u00e1rcio Soares Berclaz<\/p>\n            <\/div>\n            \n            <div class=\"col-md-4 col-lg-12 col-sm-4 col-xs-4 alinhar-integrantes\" style=\"margin: 10px 0px\">\n                <p style=\"text-align: center;font-size: 19px\">Michael Tatsch<\/p>\n            <\/div>\n            \n            <div class=\"col-md-4 col-lg-12 col-sm-4 col-xs-4 alinhar-integrantes\" style=\"margin: 10px 0px\">\n                <p style=\"text-align: center;font-size: 19px\">Mois\u00e9s Gambin<\/p>\n            <\/div>\n            \n            <div class=\"col-md-4 col-lg-12 col-sm-4 col-xs-4 alinhar-integrantes\" style=\"margin: 10px 0px\">\n                <p style=\"text-align: center;font-size: 19px\">Paulo Fernando Airoldi<\/p>\n            <\/div>\n            \n            <div class=\"col-md-4 col-lg-12 col-sm-4 col-xs-4 alinhar-integrantes\" style=\"margin: 10px 0px\">\n                <p style=\"text-align: center;font-size: 19px\">Paulo Henrique Ely<\/p>\n            <\/div>\n            \n            <div class=\"col-md-4 col-lg-12 col-sm-4 col-xs-4 alinhar-integrantes\" style=\"margin: 10px 0px\">\n                <p style=\"text-align: center;font-size: 19px\">Pedro Zanotto<\/p>\n            <\/div>\n            \n            <div class=\"col-md-4 col-lg-12 col-sm-4 col-xs-4 alinhar-integrantes\" style=\"margin: 10px 0px\">\n                <p style=\"text-align: center;font-size: 19px\">Rafael Dias Puerta<\/p>\n            <\/div>\n            \n            <div class=\"col-md-4 col-lg-12 col-sm-4 col-xs-4 alinhar-integrantes\" style=\"margin: 10px 0px\">\n                <p style=\"text-align: center;font-size: 19px\">Rafael Pinheiro M. Buchabqui<\/p>\n            <\/div>\n            \n            <div class=\"col-md-4 col-lg-12 col-sm-4 col-xs-4 alinhar-integrantes\" style=\"margin: 10px 0px\">\n                <p style=\"text-align: center;font-size: 19px\">Ramiro Crochemore Castro<\/p>\n            <\/div>\n            \n            <div class=\"col-md-4 col-lg-12 col-sm-4 col-xs-4 alinhar-integrantes\" style=\"margin: 10px 0px\">\n                <p style=\"text-align: center;font-size: 19px\">Renato de Castro Moreira<\/p>\n            <\/div>\n            \n            <div class=\"col-md-4 col-lg-12 col-sm-4 col-xs-4 alinhar-integrantes\" style=\"margin: 10px 0px\">\n                <p style=\"text-align: center;font-size: 19px\">Renato Donadio Munhoz<\/p>\n            <\/div>\n            \n            <div class=\"col-md-4 col-lg-12 col-sm-4 col-xs-4 alinhar-integrantes\" style=\"margin: 10px 0px\">\n                <p style=\"text-align: center;font-size: 19px\">Renato Kliemann Paese<\/p>\n            <\/div>\n            \n            <div class=\"col-md-4 col-lg-12 col-sm-4 col-xs-4 alinhar-integrantes\" style=\"margin: 10px 0px\">\n                <p style=\"text-align: center;font-size: 19px\">Ricardo Neubarth<\/p>\n            <\/div>\n            \n            <div class=\"col-md-4 col-lg-12 col-sm-4 col-xs-4 alinhar-integrantes\" style=\"margin: 10px 0px\">\n                <p style=\"text-align: center;font-size: 19px\">Roberson Marquez<\/p>\n            <\/div>\n            \n            <div class=\"col-md-4 col-lg-12 col-sm-4 col-xs-4 alinhar-integrantes\" style=\"margin: 10px 0px\">\n                <p style=\"text-align: center;font-size: 19px\">Roberto Follador<\/p>\n            <\/div>\n            \n            <div class=\"col-md-4 col-lg-12 col-sm-4 col-xs-4 alinhar-integrantes\" style=\"margin: 10px 0px\">\n                <p style=\"text-align: center;font-size: 19px\">Ronald Santiago de Castro<\/p>\n            <\/div>\n            \n            <div class=\"col-md-4 col-lg-12 col-sm-4 col-xs-4 alinhar-integrantes\" style=\"margin: 10px 0px\">\n                <p style=\"text-align: center;font-size: 19px\">Thiago Cecchini Brunetto<\/p>\n            <\/div>\n            \n            <div class=\"col-md-4 col-lg-12 col-sm-4 col-xs-4 alinhar-integrantes\" style=\"margin: 10px 0px\">\n                <p style=\"text-align: center;font-size: 19px\">Thomas Heck Munhoz<\/p>\n            <\/div>\n            \n            <div class=\"col-md-4 col-lg-12 col-sm-4 col-xs-4 alinhar-integrantes\" style=\"margin: 10px 0px\">\n                <p style=\"text-align: center;font-size: 19px\">Tiago Schneider<\/p>\n            <\/div>\n            \n            <div class=\"col-md-4 col-lg-12 col-sm-4 col-xs-4 alinhar-integrantes\" style=\"margin: 10px 0px\">\n                <p style=\"text-align: center;font-size: 19px\">Wagner Adriano da Silva Juliano<\/p>\n            <\/div>\n                                    <\/div>\n                    <\/div><!--\/ Team row 1 end -->\n                <!-- Container end -->\n            <!-- Attorneys end -->\n\n        <!-- Main container end -->\n","protected":false},"excerpt":{"rendered":"<p>Integrantes Abrah\u00e3o Assein Arus Neto Alberto Martins Brentano Altair de Lemos J\u00fanior Anderson Oliveira Forte Anderson Zanella Anselma Maria Machry Ant\u00f4nio Escosteguy Castro Ant\u00f4nio Porf\u00edrio de Ara\u00fajo Costa Carlos Valdir Kochhann Celso Andr\u00e9 Pinheiro David Stival Diego Rov\u00e9a Eduardo Santos dos Santos Fabio Ferronato Matei Gilberto Haag Ferreira Guilherme Neumann Gustavo de Marsillac Pe\u00f1a Gustavo [&hellip;]<\/p>\n","protected":false},"author":1,"featured_media":0,"parent":0,"menu_order":0,"comment_status":"closed","ping_status":"closed","template":"","meta":{"_monsterinsights_skip_tracking":false,"footnotes":""},"class_list":["post-1001","page","type-page","status-publish","hentry"],"_links":{"self":[{"href":"https:\/\/gremiovencedor.com.br\/novo\/wp-json\/wp\/v2\/pages\/1001","targetHints":{"allow":["GET"]}}],"collection":[{"href":"https:\/\/gremiovencedor.com.br\/novo\/wp-json\/wp\/v2\/pages"}],"about":[{"href":"https:\/\/gremiovencedor.com.br\/novo\/wp-json\/wp\/v2\/types\/page"}],"author":[{"embeddable":true,"href":"https:\/\/gremiovencedor.com.br\/novo\/wp-json\/wp\/v2\/users\/1"}],"replies":[{"embeddable":true,"href":"https:\/\/gremiovencedor.com.br\/novo\/wp-json\/wp\/v2\/comments?post=1001"}],"version-history":[{"count":4,"href":"https:\/\/gremiovencedor.com.br\/novo\/wp-json\/wp\/v2\/pages\/1001\/revisions"}],"predecessor-version":[{"id":1034,"href":"https:\/\/gremiovencedor.com.br\/novo\/wp-json\/wp\/v2\/pages\/1001\/revisions\/1034"}],"wp:attachment":[{"href":"https:\/\/gremiovencedor.com.br\/novo\/wp-json\/wp\/v2\/media?parent=1001"}],"curies":[{"name":"wp","href":"https:\/\/api.w.org\/{rel}","templated":true}]}}

<h2 class="wp-block-heading has-secondary-color has-text-color has-link-color wp-elements-1">Integrantes</h2>



<div class="row">
                        <div style="margin-top: 30px">
                            
            <div class="col-md-4 col-lg-12 col-sm-4 col-xs-4 alinhar-integrantes" style="margin: 10px 0px">
                <p style="text-align: center;font-size: 19px">Abrahão Assein Arus Neto</p>
            </div>
            
            <div class="col-md-4 col-lg-12 col-sm-4 col-xs-4 alinhar-integrantes" style="margin: 10px 0px">
                <p style="text-align: center;font-size: 19px">Alberto Martins Brentano</p>
            </div>
            
            <div class="col-md-4 col-lg-12 col-sm-4 col-xs-4 alinhar-integrantes" style="margin: 10px 0px">
                <p style="text-align: center;font-size: 19px">Altair de Lemos Júnior</p>
            </div>
            
            <div class="col-md-4 col-lg-12 col-sm-4 col-xs-4 alinhar-integrantes" style="margin: 10px 0px">
                <p style="text-align: center;font-size: 19px">Anderson Oliveira Forte</p>
            </div>
            
            <div class="col-md-4 col-lg-12 col-sm-4 col-xs-4 alinhar-integrantes" style="margin: 10px 0px">
                <p style="text-align: center;font-size: 19px">Anderson Zanella</p>
            </div>
            
            <div class="col-md-4 col-lg-12 col-sm-4 col-xs-4 alinhar-integrantes" style="margin: 10px 0px">
                <p style="text-align: center;font-size: 19px">Anselma Maria Machry</p>
            </div>
            
            <div class="col-md-4 col-lg-12 col-sm-4 col-xs-4 alinhar-integrantes" style="margin: 10px 0px">
                <p style="text-align: center;font-size: 19px">Antônio Escosteguy Castro</p>
            </div>
            
            <div class="col-md-4 col-lg-12 col-sm-4 col-xs-4 alinhar-integrantes" style="margin: 10px 0px">
                <p style="text-align: center;font-size: 19px">Antônio Porfírio de Araújo Costa</p>
            </div>
            
            <div class="col-md-4 col-lg-12 col-sm-4 col-xs-4 alinhar-integrantes" style="margin: 10px 0px">
                <p style="text-align: center;font-size: 19px">Carlos Valdir Kochhann</p>
            </div>
            
            <div class="col-md-4 col-lg-12 col-sm-4 col-xs-4 alinhar-integrantes" style="margin: 10px 0px">
                <p style="text-align: center;font-size: 19px">Celso André Pinheiro</p>
            </div>
            
            <div class="col-md-4 col-lg-12 col-sm-4 col-xs-4 alinhar-integrantes" style="margin: 10px 0px">
                <p style="text-align: center;font-size: 19px">David Stival</p>
            </div>
            
            <div class="col-md-4 col-lg-12 col-sm-4 col-xs-4 alinhar-integrantes" style="margin: 10px 0px">
                <p style="text-align: center;font-size: 19px">Diego Rovéa</p>
            </div>
            
            <div class="col-md-4 col-lg-12 col-sm-4 col-xs-4 alinhar-integrantes" style="margin: 10px 0px">
                <p style="text-align: center;font-size: 19px">Eduardo Santos dos Santos</p>
            </div>
            
            <div class="col-md-4 col-lg-12 col-sm-4 col-xs-4 alinhar-integrantes" style="margin: 10px 0px">
                <p style="text-align: center;font-size: 19px">Fabio Ferronato Matei</p>
            </div>
            
            <div class="col-md-4 col-lg-12 col-sm-4 col-xs-4 alinhar-integrantes" style="margin: 10px 0px">
                <p style="text-align: center;font-size: 19px">Gilberto Haag Ferreira</p>
            </div>
            
            <div class="col-md-4 col-lg-12 col-sm-4 col-xs-4 alinhar-integrantes" style="margin: 10px 0px">
                <p style="text-align: center;font-size: 19px">Guilherme Neumann</p>
            </div>
            
            <div class="col-md-4 col-lg-12 col-sm-4 col-xs-4 alinhar-integrantes" style="margin: 10px 0px">
                <p style="text-align: center;font-size: 19px">Gustavo de Marsillac Peña</p>
            </div>
            
            <div class="col-md-4 col-lg-12 col-sm-4 col-xs-4 alinhar-integrantes" style="margin: 10px 0px">
                <p style="text-align: center;font-size: 19px">Gustavo Rocha Fernandes Gonçalves</p>
            </div>
            
            <div class="col-md-4 col-lg-12 col-sm-4 col-xs-4 alinhar-integrantes" style="margin: 10px 0px">
                <p style="text-align: center;font-size: 19px">Jeferson Coimbra</p>
            </div>
            
            <div class="col-md-4 col-lg-12 col-sm-4 col-xs-4 alinhar-integrantes" style="margin: 10px 0px">
                <p style="text-align: center;font-size: 19px">Joel Júnior Corrêa</p>
            </div>
            
            <div class="col-md-4 col-lg-12 col-sm-4 col-xs-4 alinhar-integrantes" style="margin: 10px 0px">
                <p style="text-align: center;font-size: 19px">Jorge Luiz Ramos Brendel</p>
            </div>
            
            <div class="col-md-4 col-lg-12 col-sm-4 col-xs-4 alinhar-integrantes" style="margin: 10px 0px">
                <p style="text-align: center;font-size: 19px">Jorge Santos Buchabqui</p>
            </div>
            
            <div class="col-md-4 col-lg-12 col-sm-4 col-xs-4 alinhar-integrantes" style="margin: 10px 0px">
                <p style="text-align: center;font-size: 19px">José Leite Costa Neto</p>
            </div>
            
            <div class="col-md-4 col-lg-12 col-sm-4 col-xs-4 alinhar-integrantes" style="margin: 10px 0px">
                <p style="text-align: center;font-size: 19px">Josué Vanius Hoewell</p>
            </div>
            
            <div class="col-md-4 col-lg-12 col-sm-4 col-xs-4 alinhar-integrantes" style="margin: 10px 0px">
                <p style="text-align: center;font-size: 19px">Juarez Roque Busatto</p>
            </div>
            
            <div class="col-md-4 col-lg-12 col-sm-4 col-xs-4 alinhar-integrantes" style="margin: 10px 0px">
                <p style="text-align: center;font-size: 19px">Luís Fernando Dal Forno</p>
            </div>
            
            <div class="col-md-4 col-lg-12 col-sm-4 col-xs-4 alinhar-integrantes" style="margin: 10px 0px">
                <p style="text-align: center;font-size: 19px">Luiz Henrique Oltramari</p>
            </div>
            
            <div class="col-md-4 col-lg-12 col-sm-4 col-xs-4 alinhar-integrantes" style="margin: 10px 0px">
                <p style="text-align: center;font-size: 19px">Marcelo Oliveira Fagundes</p>
            </div>
            
            <div class="col-md-4 col-lg-12 col-sm-4 col-xs-4 alinhar-integrantes" style="margin: 10px 0px">
                <p style="text-align: center;font-size: 19px">Marco Aurélio Moreira</p>
            </div>
            
            <div class="col-md-4 col-lg-12 col-sm-4 col-xs-4 alinhar-integrantes" style="margin: 10px 0px">
                <p style="text-align: center;font-size: 19px">Marcos Aurélio Chitolina</p>
            </div>
            
            <div class="col-md-4 col-lg-12 col-sm-4 col-xs-4 alinhar-integrantes" style="margin: 10px 0px">
                <p style="text-align: center;font-size: 19px">Maurício Pedrassani</p>
            </div>
            
            <div class="col-md-4 col-lg-12 col-sm-4 col-xs-4 alinhar-integrantes" style="margin: 10px 0px">
                <p style="text-align: center;font-size: 19px">Márcio Mossmann</p>
            </div>
            
            <div class="col-md-4 col-lg-12 col-sm-4 col-xs-4 alinhar-integrantes" style="margin: 10px 0px">
                <p style="text-align: center;font-size: 19px">Márcio Scharnberg Brandão</p>
            </div>
            
            <div class="col-md-4 col-lg-12 col-sm-4 col-xs-4 alinhar-integrantes" style="margin: 10px 0px">
                <p style="text-align: center;font-size: 19px">Márcio Soares Berclaz</p>
            </div>
            
            <div class="col-md-4 col-lg-12 col-sm-4 col-xs-4 alinhar-integrantes" style="margin: 10px 0px">
                <p style="text-align: center;font-size: 19px">Michael Tatsch</p>
            </div>
            
            <div class="col-md-4 col-lg-12 col-sm-4 col-xs-4 alinhar-integrantes" style="margin: 10px 0px">
                <p style="text-align: center;font-size: 19px">Moisés Gambin</p>
            </div>
            
            <div class="col-md-4 col-lg-12 col-sm-4 col-xs-4 alinhar-integrantes" style="margin: 10px 0px">
                <p style="text-align: center;font-size: 19px">Paulo Fernando Airoldi</p>
            </div>
            
            <div class="col-md-4 col-lg-12 col-sm-4 col-xs-4 alinhar-integrantes" style="margin: 10px 0px">
                <p style="text-align: center;font-size: 19px">Paulo Henrique Ely</p>
            </div>
            
            <div class="col-md-4 col-lg-12 col-sm-4 col-xs-4 alinhar-integrantes" style="margin: 10px 0px">
                <p style="text-align: center;font-size: 19px">Pedro Zanotto</p>
            </div>
            
            <div class="col-md-4 col-lg-12 col-sm-4 col-xs-4 alinhar-integrantes" style="margin: 10px 0px">
                <p style="text-align: center;font-size: 19px">Rafael Dias Puerta</p>
            </div>
            
            <div class="col-md-4 col-lg-12 col-sm-4 col-xs-4 alinhar-integrantes" style="margin: 10px 0px">
                <p style="text-align: center;font-size: 19px">Rafael Pinheiro M. Buchabqui</p>
            </div>
            
            <div class="col-md-4 col-lg-12 col-sm-4 col-xs-4 alinhar-integrantes" style="margin: 10px 0px">
                <p style="text-align: center;font-size: 19px">Ramiro Crochemore Castro</p>
            </div>
            
            <div class="col-md-4 col-lg-12 col-sm-4 col-xs-4 alinhar-integrantes" style="margin: 10px 0px">
                <p style="text-align: center;font-size: 19px">Renato de Castro Moreira</p>
            </div>
            
            <div class="col-md-4 col-lg-12 col-sm-4 col-xs-4 alinhar-integrantes" style="margin: 10px 0px">
                <p style="text-align: center;font-size: 19px">Renato Donadio Munhoz</p>
            </div>
            
            <div class="col-md-4 col-lg-12 col-sm-4 col-xs-4 alinhar-integrantes" style="margin: 10px 0px">
                <p style="text-align: center;font-size: 19px">Renato Kliemann Paese</p>
            </div>
            
            <div class="col-md-4 col-lg-12 col-sm-4 col-xs-4 alinhar-integrantes" style="margin: 10px 0px">
                <p style="text-align: center;font-size: 19px">Ricardo Neubarth</p>
            </div>
            
            <div class="col-md-4 col-lg-12 col-sm-4 col-xs-4 alinhar-integrantes" style="margin: 10px 0px">
                <p style="text-align: center;font-size: 19px">Roberson Marquez</p>
            </div>
            
            <div class="col-md-4 col-lg-12 col-sm-4 col-xs-4 alinhar-integrantes" style="margin: 10px 0px">
                <p style="text-align: center;font-size: 19px">Roberto Follador</p>
            </div>
            
            <div class="col-md-4 col-lg-12 col-sm-4 col-xs-4 alinhar-integrantes" style="margin: 10px 0px">
                <p style="text-align: center;font-size: 19px">Ronald Santiago de Castro</p>
            </div>
            
            <div class="col-md-4 col-lg-12 col-sm-4 col-xs-4 alinhar-integrantes" style="margin: 10px 0px">
                <p style="text-align: center;font-size: 19px">Thiago Cecchini Brunetto</p>
            </div>
            
            <div class="col-md-4 col-lg-12 col-sm-4 col-xs-4 alinhar-integrantes" style="margin: 10px 0px">
                <p style="text-align: center;font-size: 19px">Thomas Heck Munhoz</p>
            </div>
            
            <div class="col-md-4 col-lg-12 col-sm-4 col-xs-4 alinhar-integrantes" style="margin: 10px 0px">
                <p style="text-align: center;font-size: 19px">Tiago Schneider</p>
            </div>
            
            <div class="col-md-4 col-lg-12 col-sm-4 col-xs-4 alinhar-integrantes" style="margin: 10px 0px">
                <p style="text-align: center;font-size: 19px">Wagner Adriano da Silva Juliano</p>
            </div>
                                    </div>
                    </div><!--/ Team row 1 end -->
                <!-- Container end -->
            <!-- Attorneys end -->

        <!-- Main container end -->

<p>Integrantes Abrahão Assein Arus Neto Alberto Martins Brentano Altair de Lemos Júnior Anderson Oliveira Forte Anderson Zanella Anselma Maria Machry Antônio Escosteguy Castro Antônio Porfírio de Araújo Costa Carlos Valdir Kochhann Celso André Pinheiro David Stival Diego Rovéa Eduardo Santos dos Santos Fabio Ferronato Matei Gilberto Haag Ferreira Guilherme Neumann Gustavo de Marsillac Peña Gustavo [&hellip;]</p>
