{"id":1004,"date":"2026-07-29T11:03:05","date_gmt":"2026-07-29T14:03:05","guid":{"rendered":"https:\/\/gremiovencedor.com.br\/novo\/integrantes-3\/"},"modified":"2026-07-30T12:45:59","modified_gmt":"2026-07-30T15:45:59","slug":"integrantes-3","status":"publish","type":"page","link":"https:\/\/gremiovencedor.com.br\/novo\/integrantes-3\/","title":{"rendered":""},"content":{"rendered":"\n<h2 class=\"wp-block-heading has-secondary-color has-text-color has-link-color wp-elements-1\">Conselheiros<\/h2>\n\n\n\n<div class=\"row\">\n                        <div style=\"margin-top: 30px\">\n                            \n            <div class=\"col-md-4 col-lg-12 col-sm-4 col-xs-4 alinhar-integrantes\" style=\"margin: 10px 0px\">\n                <p style=\"text-align: center;font-size: 19px\">Altair de Lemos Junior<\/p>\n            <\/div>\n            \n            <div class=\"col-md-4 col-lg-12 col-sm-4 col-xs-4 alinhar-integrantes\" style=\"margin: 10px 0px\">\n                <p style=\"text-align: center;font-size: 19px\">Anderson Zanella<\/p>\n            <\/div>\n            \n            <div class=\"col-md-4 col-lg-12 col-sm-4 col-xs-4 alinhar-integrantes\" style=\"margin: 10px 0px\">\n                <p style=\"text-align: center;font-size: 19px\">Ant\u00f4nio Escosteguy Castro<\/p>\n            <\/div>\n            \n            <div class=\"col-md-4 col-lg-12 col-sm-4 col-xs-4 alinhar-integrantes\" style=\"margin: 10px 0px\">\n                <p style=\"text-align: center;font-size: 19px\">David Stival<\/p>\n            <\/div>\n            \n            <div class=\"col-md-4 col-lg-12 col-sm-4 col-xs-4 alinhar-integrantes\" style=\"margin: 10px 0px\">\n                <p style=\"text-align: center;font-size: 19px\">Gilberto Haag Ferreira<\/p>\n            <\/div>\n            \n            <div class=\"col-md-4 col-lg-12 col-sm-4 col-xs-4 alinhar-integrantes\" style=\"margin: 10px 0px\">\n                <p style=\"text-align: center;font-size: 19px\">Joel J\u00fanior Machado Corr\u00eaa<\/p>\n            <\/div>\n            \n            <div class=\"col-md-4 col-lg-12 col-sm-4 col-xs-4 alinhar-integrantes\" style=\"margin: 10px 0px\">\n                <p style=\"text-align: center;font-size: 19px\">Marco Aur\u00e9lio Mello Moreira<\/p>\n            <\/div>\n            \n            <div class=\"col-md-4 col-lg-12 col-sm-4 col-xs-4 alinhar-integrantes\" style=\"margin: 10px 0px\">\n                <p style=\"text-align: center;font-size: 19px\">Marcos Aur\u00e9lio Chitolina<\/p>\n            <\/div>\n            \n            <div class=\"col-md-4 col-lg-12 col-sm-4 col-xs-4 alinhar-integrantes\" style=\"margin: 10px 0px\">\n                <p style=\"text-align: center;font-size: 19px\">Maur\u00edcio Pedrassani<\/p>\n            <\/div>\n            \n            <div class=\"col-md-4 col-lg-12 col-sm-4 col-xs-4 alinhar-integrantes\" style=\"margin: 10px 0px\">\n                <p style=\"text-align: center;font-size: 19px\">Renato Donadio Munhoz<\/p>\n            <\/div>\n            \n            <div class=\"col-md-4 col-lg-12 col-sm-4 col-xs-4 alinhar-integrantes\" style=\"margin: 10px 0px\">\n                <p style=\"text-align: center;font-size: 19px\">Renato Kliemann Paese<\/p>\n            <\/div>\n            \n            <div class=\"col-md-4 col-lg-12 col-sm-4 col-xs-4 alinhar-integrantes\" style=\"margin: 10px 0px\">\n                <p style=\"text-align: center;font-size: 19px\">Roberson Marquez<\/p>\n            <\/div>\n            \n            <div class=\"col-md-4 col-lg-12 col-sm-4 col-xs-4 alinhar-integrantes\" style=\"margin: 10px 0px\">\n                <p style=\"text-align: center;font-size: 19px\">Roberto Follador<\/p>\n            <\/div>\n            \n            <div class=\"col-md-4 col-lg-12 col-sm-4 col-xs-4 alinhar-integrantes\" style=\"margin: 10px 0px\">\n                <p style=\"text-align: center;font-size: 19px\">Ronald Santiago de Castro<\/p>\n            <\/div>\n            \n            <div class=\"col-md-4 col-lg-12 col-sm-4 col-xs-4 alinhar-integrantes\" style=\"margin: 10px 0px\">\n                <p style=\"text-align: center;font-size: 19px\">Thiago Cecchini Brunetto<\/p>\n            <\/div>\n                                    <\/div>\n                    <\/div><!--\/ Team row 1 end -->\n                <!-- Container end -->\n            <!-- Attorneys end -->\n\n        <!-- Main container end -->\n","protected":false},"excerpt":{"rendered":"<p>Conselheiros Altair de Lemos Junior Anderson Zanella Ant\u00f4nio Escosteguy Castro David Stival Gilberto Haag Ferreira Joel J\u00fanior Machado Corr\u00eaa Marco Aur\u00e9lio Mello Moreira Marcos Aur\u00e9lio Chitolina Maur\u00edcio Pedrassani Renato Donadio Munhoz Renato Kliemann Paese Roberson Marquez Roberto Follador Ronald Santiago de Castro Thiago Cecchini Brunetto<\/p>\n","protected":false},"author":1,"featured_media":0,"parent":0,"menu_order":0,"comment_status":"closed","ping_status":"closed","template":"","meta":{"_monsterinsights_skip_tracking":false,"footnotes":""},"class_list":["post-1004","page","type-page","status-publish","hentry"],"_links":{"self":[{"href":"https:\/\/gremiovencedor.com.br\/novo\/wp-json\/wp\/v2\/pages\/1004","targetHints":{"allow":["GET"]}}],"collection":[{"href":"https:\/\/gremiovencedor.com.br\/novo\/wp-json\/wp\/v2\/pages"}],"about":[{"href":"https:\/\/gremiovencedor.com.br\/novo\/wp-json\/wp\/v2\/types\/page"}],"author":[{"embeddable":true,"href":"https:\/\/gremiovencedor.com.br\/novo\/wp-json\/wp\/v2\/users\/1"}],"replies":[{"embeddable":true,"href":"https:\/\/gremiovencedor.com.br\/novo\/wp-json\/wp\/v2\/comments?post=1004"}],"version-history":[{"count":3,"href":"https:\/\/gremiovencedor.com.br\/novo\/wp-json\/wp\/v2\/pages\/1004\/revisions"}],"predecessor-version":[{"id":1035,"href":"https:\/\/gremiovencedor.com.br\/novo\/wp-json\/wp\/v2\/pages\/1004\/revisions\/1035"}],"wp:attachment":[{"href":"https:\/\/gremiovencedor.com.br\/novo\/wp-json\/wp\/v2\/media?parent=1004"}],"curies":[{"name":"wp","href":"https:\/\/api.w.org\/{rel}","templated":true}]}}

<h2 class="wp-block-heading has-secondary-color has-text-color has-link-color wp-elements-1">Conselheiros</h2>



<div class="row">
                        <div style="margin-top: 30px">
                            
            <div class="col-md-4 col-lg-12 col-sm-4 col-xs-4 alinhar-integrantes" style="margin: 10px 0px">
                <p style="text-align: center;font-size: 19px">Altair de Lemos Junior</p>
            </div>
            
            <div class="col-md-4 col-lg-12 col-sm-4 col-xs-4 alinhar-integrantes" style="margin: 10px 0px">
                <p style="text-align: center;font-size: 19px">Anderson Zanella</p>
            </div>
            
            <div class="col-md-4 col-lg-12 col-sm-4 col-xs-4 alinhar-integrantes" style="margin: 10px 0px">
                <p style="text-align: center;font-size: 19px">Antônio Escosteguy Castro</p>
            </div>
            
            <div class="col-md-4 col-lg-12 col-sm-4 col-xs-4 alinhar-integrantes" style="margin: 10px 0px">
                <p style="text-align: center;font-size: 19px">David Stival</p>
            </div>
            
            <div class="col-md-4 col-lg-12 col-sm-4 col-xs-4 alinhar-integrantes" style="margin: 10px 0px">
                <p style="text-align: center;font-size: 19px">Gilberto Haag Ferreira</p>
            </div>
            
            <div class="col-md-4 col-lg-12 col-sm-4 col-xs-4 alinhar-integrantes" style="margin: 10px 0px">
                <p style="text-align: center;font-size: 19px">Joel Júnior Machado Corrêa</p>
            </div>
            
            <div class="col-md-4 col-lg-12 col-sm-4 col-xs-4 alinhar-integrantes" style="margin: 10px 0px">
                <p style="text-align: center;font-size: 19px">Marco Aurélio Mello Moreira</p>
            </div>
            
            <div class="col-md-4 col-lg-12 col-sm-4 col-xs-4 alinhar-integrantes" style="margin: 10px 0px">
                <p style="text-align: center;font-size: 19px">Marcos Aurélio Chitolina</p>
            </div>
            
            <div class="col-md-4 col-lg-12 col-sm-4 col-xs-4 alinhar-integrantes" style="margin: 10px 0px">
                <p style="text-align: center;font-size: 19px">Maurício Pedrassani</p>
            </div>
            
            <div class="col-md-4 col-lg-12 col-sm-4 col-xs-4 alinhar-integrantes" style="margin: 10px 0px">
                <p style="text-align: center;font-size: 19px">Renato Donadio Munhoz</p>
            </div>
            
            <div class="col-md-4 col-lg-12 col-sm-4 col-xs-4 alinhar-integrantes" style="margin: 10px 0px">
                <p style="text-align: center;font-size: 19px">Renato Kliemann Paese</p>
            </div>
            
            <div class="col-md-4 col-lg-12 col-sm-4 col-xs-4 alinhar-integrantes" style="margin: 10px 0px">
                <p style="text-align: center;font-size: 19px">Roberson Marquez</p>
            </div>
            
            <div class="col-md-4 col-lg-12 col-sm-4 col-xs-4 alinhar-integrantes" style="margin: 10px 0px">
                <p style="text-align: center;font-size: 19px">Roberto Follador</p>
            </div>
            
            <div class="col-md-4 col-lg-12 col-sm-4 col-xs-4 alinhar-integrantes" style="margin: 10px 0px">
                <p style="text-align: center;font-size: 19px">Ronald Santiago de Castro</p>
            </div>
            
            <div class="col-md-4 col-lg-12 col-sm-4 col-xs-4 alinhar-integrantes" style="margin: 10px 0px">
                <p style="text-align: center;font-size: 19px">Thiago Cecchini Brunetto</p>
            </div>
                                    </div>
                    </div><!--/ Team row 1 end -->
                <!-- Container end -->
            <!-- Attorneys end -->

        <!-- Main container end -->

<p>Conselheiros Altair de Lemos Junior Anderson Zanella Antônio Escosteguy Castro David Stival Gilberto Haag Ferreira Joel Júnior Machado Corrêa Marco Aurélio Mello Moreira Marcos Aurélio Chitolina Maurício Pedrassani Renato Donadio Munhoz Renato Kliemann Paese Roberson Marquez Roberto Follador Ronald Santiago de Castro Thiago Cecchini Brunetto</p>
