{"id":1007,"date":"2026-07-29T13:16:18","date_gmt":"2026-07-29T16:16:18","guid":{"rendered":"https:\/\/gremiovencedor.com.br\/novo\/?page_id=1007"},"modified":"2026-07-29T13:16:18","modified_gmt":"2026-07-29T16:16:18","slug":"historia-e-valores","status":"publish","type":"page","link":"https:\/\/gremiovencedor.com.br\/novo\/historia-e-valores\/","title":{"rendered":"Hist\u00f3ria e Valores"},"content":{"rendered":"\n\n<section id=\"historia-e-valores\" class=\"wp-block-group mgv-historia-valores is-layout-constrained wp-block-group-is-layout-constrained\">\n\n\n                                        <div class=\"tab-pane active animated fadeInRight\" id=\"tab_a\">\n                                            \n                <img decoding=\"async\" class=\"img-responsive pull-right\" src=\"https:\/\/web.archive.org\/web\/20240223043701im_\/http:\/\/gremiovencedor.com.br\/painel\/galeria\/6068663139345f64ceeabfbfaa237dbd.txt\">\n                                                            <div class=\"tab-wrapper\">\n                                                <p style=\"text-align:justify\"><span style=\"font-family:verdana,geneva,sans-serif\"><span style=\"font-size:14px\"><span style=\"color:#000000\">O Movimento Gr\u00eamio Vencedor integra gremistas com o prop\u00f3sito da converg\u00eancia na busca de vit\u00f3rias do Gr\u00eamio Foot-Ball Porto Alegrense.<\/span><\/span><\/span><\/p>\n\n<p style=\"text-align:justify\"><span style=\"font-family:verdana,geneva,sans-serif\"><span style=\"font-size:14px\"><span style=\"color:#000000\">Nossa hist\u00f3ria se inicia nas arquibancadas do Est\u00e1dio Ol\u00edmpico, quando ao longo do tempo e movidos pela paix\u00e3o, constru\u00edmos afinidades inspiradas por ideais vision\u00e1rios na constru\u00e7\u00e3o de um Gr\u00eamio cada vez mais Vencedor e democr\u00e1tico.<\/span><\/span><\/span><\/p>\n\n<p style=\"text-align:justify\"><span style=\"font-family:verdana,geneva,sans-serif\"><span style=\"font-size:14px\"><span style=\"color:#000000\">E com este esp\u00edrito desprendido, apesar de formalmente constitu\u00eddos em 1\u00ba de julho de 2010, j\u00e1 temos, pelo curr\u00edculo de nossos integrantes, um acervo importante de contribui\u00e7\u00f5es estrat\u00e9gicas na vida do Gr\u00eamio.<\/span><\/span><\/span><\/p>\n\n<p style=\"text-align:justify\"><span style=\"font-family:verdana,geneva,sans-serif\"><span style=\"font-size:14px\"><span style=\"color:#000000\">A raz\u00e3o e riqueza maior de um clube de futebol \u00e9 o seu torcedor, o seu associado, e dentro deste conceito entendemos que devam ser removidas as barreiras que possam representar qualquer tipo de restri\u00e7\u00e3o ou preju\u00edzo na rela\u00e7\u00e3o clube-s\u00f3cio-torcedor.<\/span><\/span><\/span><\/p>                                            <\/div>\n\n                                        <\/div>\n                                        <div class=\"tab-pane animated fadeInLeft\" id=\"tab_b\">\n                                                                                        <p style=\"text-align: justify\"><span style=\"font-family:verdana,geneva,sans-serif\"><span style=\"font-size:14px\"><span style=\"color:#000000\">Buscamos um Gr\u00eamio protagonista, organizado, s\u00e9rio, moderno, profissional e focado no futebol. Pensar no futuro tamb\u00e9m significa saber valorizar o passado, respeitando a hist\u00f3ria de um clube centen\u00e1rio, Vencedor e campe\u00e3o do mundo.<\/span><\/span><\/span><\/p>\n\n<p style=\"text-align: justify\"><span style=\"font-family:verdana,geneva,sans-serif\"><span style=\"font-size:14px\"><span style=\"color:#000000\">Lutamos pela consolida\u00e7\u00e3o de um projeto de governan\u00e7a institucional, onde a gest\u00e3o seja mais importante que os gestores e os agentes pol\u00edticos tenham a grandeza e sensibilidade para estabelecer uma pauta de converg\u00eancia, permitindo que o clube avance e continue crescendo, inovando e antecipando etapas.<\/span><\/span><\/span><\/p>\n\n<p style=\"text-align: justify\"><span style=\"font-family:verdana,geneva,sans-serif\"><span style=\"font-size:14px\"><span style=\"color:#000000\">Temos nossas convic\u00e7\u00f5es e a nossa vis\u00e3o de como administrar o Gr\u00eamio, mas estamos sempre dispostos e abertos ao amplo debate e com respeito ao contradit\u00f3rio.<\/span><\/span><\/span><\/p>\n\n<p style=\"text-align: justify\"><span style=\"font-family:verdana,geneva,sans-serif\"><span style=\"font-size:14px\"><span style=\"color:#000000\">Entendemos que os movimentos pol\u00edticos do Gr\u00eamio representam a liberdade de opini\u00e3o e a oportunidade de estimular a participa\u00e7\u00e3o de todos os segmentos do clube e da sua torcida na ampla discuss\u00e3o democr\u00e1tica pela busca do melhor caminho.<\/span><\/span><\/span><\/p>                                        <\/div>\n\n                                        <div class=\"tab-pane animated fadeInLeft\" id=\"tab_c\">\n                                                                                        <p style=\"text-align: justify\"><span style=\"font-family:verdana,geneva,sans-serif\"><span style=\"font-size:14px\"><span style=\"color:#000000\">Nesses \u00faltimos 30 anos nossos Gremistas Vencedores estiveram presentes em todos os momentos do clube, tanto na hora boa de botar faixa no peito como tamb\u00e9m nos momentos de dificuldade extrema, onde poucos aparecem.<\/span><\/span><\/span><\/p>\n\n<p style=\"text-align: justify\"><span style=\"font-family:verdana,geneva,sans-serif\"><span style=\"font-size:14px\"><span style=\"color:#000000\">Comandamos as mais variadas \u00e1reas do clube e, em particular, o departamento de futebol, em in\u00fameras oportunidades, e a contribui\u00e7\u00e3o que deixamos muito orgulha a todos n\u00f3s. Participamos do planejamento estrat\u00e9gico, das reformas estatut\u00e1rias, das comiss\u00f5es especiais do conselho deliberativo, do conselho fiscal e do desenvolvimento do Projeto Arena.<\/span><\/span><\/span><\/p>\n\n<p style=\"text-align: justify\"><span style=\"font-family:verdana,geneva,sans-serif\"><span style=\"font-size:14px\"><span style=\"color:#000000\">As a\u00e7\u00f5es do Movimento Gr\u00eamio Vencedor s\u00e3o exercidas sempre na defesa dos interesses institucionais, em sintonia e respeito aos desejos de milh\u00f5es de torcedores do Gr\u00eamio por este mundo afora.<\/span><\/span><\/span><\/p>                                        <\/div>\n                                        \n                                    \n\n<\/section>","protected":false},"excerpt":{"rendered":"<p>O Movimento Gr\u00eamio Vencedor integra gremistas com o prop\u00f3sito da converg\u00eancia na busca de vit\u00f3rias do Gr\u00eamio Foot-Ball Porto Alegrense. Nossa hist\u00f3ria se inicia nas arquibancadas do Est\u00e1dio Ol\u00edmpico, quando ao longo do tempo e movidos pela paix\u00e3o, constru\u00edmos afinidades inspiradas por ideais vision\u00e1rios na constru\u00e7\u00e3o de um Gr\u00eamio cada vez mais Vencedor e democr\u00e1tico. [&hellip;]<\/p>\n","protected":false},"author":1,"featured_media":0,"parent":0,"menu_order":0,"comment_status":"closed","ping_status":"closed","template":"","meta":{"_monsterinsights_skip_tracking":false,"footnotes":""},"class_list":["post-1007","page","type-page","status-publish","hentry"],"_links":{"self":[{"href":"https:\/\/gremiovencedor.com.br\/novo\/wp-json\/wp\/v2\/pages\/1007","targetHints":{"allow":["GET"]}}],"collection":[{"href":"https:\/\/gremiovencedor.com.br\/novo\/wp-json\/wp\/v2\/pages"}],"about":[{"href":"https:\/\/gremiovencedor.com.br\/novo\/wp-json\/wp\/v2\/types\/page"}],"author":[{"embeddable":true,"href":"https:\/\/gremiovencedor.com.br\/novo\/wp-json\/wp\/v2\/users\/1"}],"replies":[{"embeddable":true,"href":"https:\/\/gremiovencedor.com.br\/novo\/wp-json\/wp\/v2\/comments?post=1007"}],"version-history":[{"count":1,"href":"https:\/\/gremiovencedor.com.br\/novo\/wp-json\/wp\/v2\/pages\/1007\/revisions"}],"predecessor-version":[{"id":1008,"href":"https:\/\/gremiovencedor.com.br\/novo\/wp-json\/wp\/v2\/pages\/1007\/revisions\/1008"}],"wp:attachment":[{"href":"https:\/\/gremiovencedor.com.br\/novo\/wp-json\/wp\/v2\/media?parent=1007"}],"curies":[{"name":"wp","href":"https:\/\/api.w.org\/{rel}","templated":true}]}}

História e Valores

<section id="historia-e-valores" class="wp-block-group mgv-historia-valores is-layout-constrained wp-block-group-is-layout-constrained">


                                        <div class="tab-pane active animated fadeInRight" id="tab_a">
                                            
                <img decoding="async" class="img-responsive pull-right" src="https://web.archive.org/web/20240223043701im_/http://gremiovencedor.com.br/painel/galeria/6068663139345f64ceeabfbfaa237dbd.txt">
                                                            <div class="tab-wrapper">
                                                <p style="text-align:justify"><span style="font-family:verdana,geneva,sans-serif"><span style="font-size:14px"><span style="color:#000000">O Movimento Grêmio Vencedor integra gremistas com o propósito da convergência na busca de vitórias do Grêmio Foot-Ball Porto Alegrense.</span></span></span></p>

<p style="text-align:justify"><span style="font-family:verdana,geneva,sans-serif"><span style="font-size:14px"><span style="color:#000000">Nossa história se inicia nas arquibancadas do Estádio Olímpico, quando ao longo do tempo e movidos pela paixão, construímos afinidades inspiradas por ideais visionários na construção de um Grêmio cada vez mais Vencedor e democrático.</span></span></span></p>

<p style="text-align:justify"><span style="font-family:verdana,geneva,sans-serif"><span style="font-size:14px"><span style="color:#000000">E com este espírito desprendido, apesar de formalmente constituídos em 1º de julho de 2010, já temos, pelo currículo de nossos integrantes, um acervo importante de contribuições estratégicas na vida do Grêmio.</span></span></span></p>

<p style="text-align:justify"><span style="font-family:verdana,geneva,sans-serif"><span style="font-size:14px"><span style="color:#000000">A razão e riqueza maior de um clube de futebol é o seu torcedor, o seu associado, e dentro deste conceito entendemos que devam ser removidas as barreiras que possam representar qualquer tipo de restrição ou prejuízo na relação clube-sócio-torcedor.</span></span></span></p>                                            </div>

                                        </div>
                                        <div class="tab-pane animated fadeInLeft" id="tab_b">
                                                                                        <p style="text-align: justify"><span style="font-family:verdana,geneva,sans-serif"><span style="font-size:14px"><span style="color:#000000">Buscamos um Grêmio protagonista, organizado, sério, moderno, profissional e focado no futebol. Pensar no futuro também significa saber valorizar o passado, respeitando a história de um clube centenário, Vencedor e campeão do mundo.</span></span></span></p>

<p style="text-align: justify"><span style="font-family:verdana,geneva,sans-serif"><span style="font-size:14px"><span style="color:#000000">Lutamos pela consolidação de um projeto de governança institucional, onde a gestão seja mais importante que os gestores e os agentes políticos tenham a grandeza e sensibilidade para estabelecer uma pauta de convergência, permitindo que o clube avance e continue crescendo, inovando e antecipando etapas.</span></span></span></p>

<p style="text-align: justify"><span style="font-family:verdana,geneva,sans-serif"><span style="font-size:14px"><span style="color:#000000">Temos nossas convicções e a nossa visão de como administrar o Grêmio, mas estamos sempre dispostos e abertos ao amplo debate e com respeito ao contraditório.</span></span></span></p>

<p style="text-align: justify"><span style="font-family:verdana,geneva,sans-serif"><span style="font-size:14px"><span style="color:#000000">Entendemos que os movimentos políticos do Grêmio representam a liberdade de opinião e a oportunidade de estimular a participação de todos os segmentos do clube e da sua torcida na ampla discussão democrática pela busca do melhor caminho.</span></span></span></p>                                        </div>

                                        <div class="tab-pane animated fadeInLeft" id="tab_c">
                                                                                        <p style="text-align: justify"><span style="font-family:verdana,geneva,sans-serif"><span style="font-size:14px"><span style="color:#000000">Nesses últimos 30 anos nossos Gremistas Vencedores estiveram presentes em todos os momentos do clube, tanto na hora boa de botar faixa no peito como também nos momentos de dificuldade extrema, onde poucos aparecem.</span></span></span></p>

<p style="text-align: justify"><span style="font-family:verdana,geneva,sans-serif"><span style="font-size:14px"><span style="color:#000000">Comandamos as mais variadas áreas do clube e, em particular, o departamento de futebol, em inúmeras oportunidades, e a contribuição que deixamos muito orgulha a todos nós. Participamos do planejamento estratégico, das reformas estatutárias, das comissões especiais do conselho deliberativo, do conselho fiscal e do desenvolvimento do Projeto Arena.</span></span></span></p>

<p style="text-align: justify"><span style="font-family:verdana,geneva,sans-serif"><span style="font-size:14px"><span style="color:#000000">As ações do Movimento Grêmio Vencedor são exercidas sempre na defesa dos interesses institucionais, em sintonia e respeito aos desejos de milhões de torcedores do Grêmio por este mundo afora.</span></span></span></p>                                        </div>
                                        
                                    

</section>

<p>O Movimento Grêmio Vencedor integra gremistas com o propósito da convergência na busca de vitórias do Grêmio Foot-Ball Porto Alegrense. Nossa história se inicia nas arquibancadas do Estádio Olímpico, quando ao longo do tempo e movidos pela paixão, construímos afinidades inspiradas por ideais visionários na construção de um Grêmio cada vez mais Vencedor e democrático. [&hellip;]</p>
